pose -u - 7 - 8 = -w*z, 2*z - u = 7. Calculate a(z).
6
Let c(l) = -l**2 - 7*l - 2. Suppose 3*o + 3 = -0*o, 2*o = -5*q + 83. Suppose -q = 5*s + 23. Let u be (-10)/(4 + s/4). Calculate c(u).
8
Suppose -3*j = -0*j + 15. Let q(u) = -2*u**3 + 2*u**2 + 4*u. Let k be q(-2). Let t(g) = 13 + 8 - g + k - 36. Give t(j).
6
Let y = -15 + 21. Suppose 2*o - y + 2 = 0. Suppose 5*x + o*f + 15 = 0, 5*x - 5*f + 2*f - 10 = 0. Let w(q) = -2*q**3 - 2*q**2 - 2*q - 1. Give w(x).
1
Let u(f) = f**3 - 6*f**2 - f + 8. Suppose 2*k - 5 = 5*y - 104, -4*k - 5*y - 123 = 0. Let x = 43 + k. What is u(x)?
2
Let y(x) = -4*x - 2. Suppose 5*r - 26 = -4*c, 5*r + 2*c = 6*r + 6. What is y(r)?
-10
Let y be (-624)/(-48) + 10/(-2). Let v(i) = -2*i - 7. Calculate v(y).
-23
Let f(u) = -u - 2*u + u - u**3 - 12 - 8*u**2. Let v be f(-8). Let l(b) = -4*b**2 - 2*b**2 + 0*b + 5*b**2 + 3*b + v. Determine l(5).
-6
Let m(j) = j**2 + 8*j + 3. Let w(o) = -o**3 - 5*o**2 - 6*o - 6. Let x be w(-4). Suppose -x*p + 0 = 6. What is m(p)?
-12
Let q(b) = 2*b**2 - 5*b + 2. Let o be 6/24*4 - 73/(-1). Let g = o - 70. Calculate q(g).
14
Let v(c) = 10*c + 3. Let i(j) = -2*j**2 + 46*j - 47. Let t be i(22). Calculate v(t).
-27
Let c be 3/(-2) - 10/4. Let k be c/12 - 13/(-3). Let d(n) = 4*n - 4. Give d(k).
12
Let a(l) = -6*l**2. Let j be (-1)/(24/(-28) - 3/21). Let s(f) = -f**2 + 3*f - 3. Let o be s(j). Calculate a(o).
-6
Let g(o) = -o**2 - 9*o - 9. Let x be g(-4). Suppose 5*w = 2*l + x, 3*w - 18 = -2*l + 7*l. Let f(c) = -2 + 1 - c + 3. Calculate f(l).
5
Let l(m) = -m**3 + 6*m**2 - 4*m + 6. Let c be (-2520)/(-405) + (8/18)/(-2). Determine l(c).
-18
Let r(h) = 116*h**2 - 55*h**2 + 3*h - 60*h**2. Let k(p) = -p**3 + 5*p**2 + 7*p - 9. Let v be k(6). Let a be 1*(1 + v) - 0. Give r(a).
-2
Let f = -239 - -239. Let l(x) be the first derivative of -x**5/20 - x**3/6 - 3*x**2/2 + 2*x + 2. Let c(v) be the first derivative of l(v). What is c(f)?
-3
Let y(m) = m**3 - 6*m**2 + 2*m + 11. Let l be y(5). Let j(h) = -h**3 - 3*h**2 + 5*h. Determine j(l).
-4
Suppose 4*y = -y + 10. Suppose 3*l - y*l = 0. Let h(d) = -d + 45 + 45 - 80. Determine h(l).
10
Let v = 721 + -729. Let n(p) = -2*p - 11. Determine n(v).
5
Suppose 5*j - 2 = -s - 2*s, -2*s + 3*j + 33 = 0. Let u be ((-36)/8)/(s/12). Let c(f) = 0*f + f + 2 + 2. Give c(u).
-2
Let h(w) be the third derivative of w**4/24 - 2*w**2 + 61. Calculate h(8).
8
Suppose 3*v + v + 5*z = -273, v = 2*z - 52. Let c = 56 + v. Let r(s) = s**3 + 7*s**2 + 5*s + 2. Give r(c).
8
Let z(r) = -16*r - 23. Let k be z(-4). Let y = k + -38. Let u(o) be the third derivative of -o**4/24 - o**3/2 + o**2. Calculate u(y).
-6
Let d(v) = -v**2 + v - 7. Let l(o) = -2*o**2 + 3*o - 15. Let w(f) = 13*d(f) - 6*l(f). Let m be ((-5 - -2) + 0 - 1)/1. Give w(m).
3
Let s be (236*1)/((-3 + 7)/2). Let f = s - 118. Let i(z) = -z**3 - z**2 + z - 14. Give i(f).
-14
Let n(s) = s**3 + s**2. Let v be (294/(-12))/(1/(-2)). Let k = v + -49. Calculate n(k).
0
Let r(p) = -p + 5*p - 4*p - 2*p**3. Let z = 1182 + -1183. Calculate r(z).
2
Suppose -2*d + 12 = -0*d. Let x(i) be the third derivative of i**4/24 + i**3/3 + 3*i**2 - 145. Determine x(d).
8
Let y(m) = m**2 - 2*m - 1. Let n be y(3). Let r(i) = -i**3 - 8*i**2 + 4. Let w be r(-8). Let g(d) = -4*d**2 - w*d + 4*d**n - 3*d**2 + 2*d**2. Determine g(-4).
0
Suppose -6*j + j = 4*c, c = 3*j + 17. Let f(n) = n**2 - 6*n - 1. Calculate f(c).
-6
Suppose 0 = 3*a - 1 + 1. Let c(z) be the second derivative of z**3 - 5/12*z**4 - 3/2*z**2 + 1/20*z**5 + a - 2*z. Determine c(4).
5
Suppose 0 = -2*t + t. Let u(w) = -w**2 - 2*w + 16. Let b(z) = 3*z**2 + 5*z - 39. Let y(g) = 2*b(g) + 5*u(g). What is y(t)?
2
Let u(o) = o + 1. Let d(l) = -3*l - 87. Let x be d(-32). What is u(x)?
10
Let a(s) = s**2 - 6*s. Suppose 26*d = -6*y + 25*d + 38, 4*y + 3*d - 16 = 0. Give a(y).
7
Let g(a) = -2*a. Suppose -84 = b + 3*b. Let y = -19 - b. Suppose -5*k = y*l + 18, -2*k = -l - 7*k - 19. Determine g(l).
-2
Let s(y) = y**3 + 6*y**2 + 6*y + 2. Suppose -i = -4*l + 6 + 1, 3*l + 3*i - 9 = 0. Let r be (180/8)/(-9)*l. Let x be s(r). Let j(p) = -p - 5. Give j(x).
-2
Let x be -1*(15/3)/1. Let i(k) = 7*k + 16. Suppose 2*t = 4*u - 58, 6*t - 3*t = 15. Let a(b) = 20*b + 47. Let r(s) = u*i(s) - 6*a(s). Give r(x).
-5
Let t(x) = -19*x**2 + 20*x - 7. Let v(y) = 7*y**2 - 7*y + 3. Let f(r) = 3*t(r) + 8*v(r). Determine f(-2).
-9
Let j(t) = 2*t - 20. Let x be j(11). Let i(g) = 0*g - 4*g**x - 5*g**3 + 4*g**3 + 3*g - 4*g. Give i(-3).
-6
Let a(t) = t**3 + 12*t**2 - 16*t - 18. Let y be a(-13). Suppose 3 = -3*k + 3*n - y, -2*k - 3*n = 11. Let p(d) = -d**2 - 7*d - 3. Calculate p(k).
-3
Suppose 2*d = -2*d + 16. Suppose w - 3*r - d - 8 = 0, 3*r = -w - 12. Let g(n) = n**2 + 9 - n - 4 + w*n**2. Calculate g(0).
5
Suppose -48 = -w + 7*w. Let k = w + 0. Let v(o) = o**3 + 9*o**2 + 8*o + 6. What is v(k)?
6
Suppose -5*z - 15 = -0*r - 5*r, -65 = -5*r - 5*z. Let b(j) = 3*j + 7*j + j - r*j - 1 - 3*j**2. Calculate b(2).
-7
Let s(o) = -o**2 - 8*o - 5. Let a(h) = -h**3 + 138*h + 11*h**2 - 148*h - 2*h**2 - 33. Let b be a(7). What is s(b)?
10
Let q(c) = -2*c**2 - 4 - 20*c**2 + 2*c + 6 + 26*c**2. What is q(-1)?
4
Let b(c) = c**3 + 3*c**2 + 2*c - 3. Suppose 2*x - 5*f - 41 = 0, 0 = -5*x + f + 155 - 41. Let l = x + -26. Determine b(l).
-9
Suppose -l - 9 = -101. Suppose o = 5*o - l. Let z = o + -21. Let k(c) = -c**2 + 2*c - 3. Calculate k(z).
-3
Let x(t) be the third derivative of -t**8/2880 - t**7/5040 + 11*t**5/60 + 18*t**2. Let z(m) be the third derivative of x(m). Let l be (1 - 3)/(2*1). Give z(l).
-6
Let l(v) be the first derivative of -v**3/3 + 2*v**2 - v + 205. Let p = -4 + 7. Give l(p).
2
Suppose -2*j = 5*b - 0 - 4, -16 = -2*b + 4*j. Suppose -b*x = -9 - 5. Let q(l) = 168*l + 2*l**2 - 167*l + 11*l**3 + x*l**3. Give q(-1).
-17
Let v(w) be the third derivative of 5*w**5/12 - 3*w**2 + 30*w. Calculate v(-1).
25
Suppose 0 = 5*n - 13 + 3. Let w(k) = 9 - 2*k**n + 5*k - 14*k + 3*k**2. Let p(l) = 198*l - 192. Let i be p(1). Calculate w(i).
-9
Let j(n) = n - 2. Suppose 28*a - 97 = 15. Give j(a).
2
Let i(o) = 37 - 5 + 3*o - 16 - 7. What is i(-5)?
-6
Let d(u) = -59*u - 16 - 59*u + 117*u. What is d(-10)?
-6
Suppose 0 = r - 2 + 12. Let s(m) be the second derivative of -m**5/20 - 11*m**4/12 - 11*m**3/6 - 13*m**2/2 + 564*m. Determine s(r).
-3
Suppose -9*d - 64 = -10. Let a(h) = -h**3 - 5*h**2 + 9*h + 9. Give a(d).
-9
Let c(i) be the first derivative of -i**2 + 2*i - 334. What is c(-6)?
14
Let v(k) = 5188*k**2 - 3*k + 17*k - 12 - 5189*k**2. Determine v(13).
1
Let i(h) = -h**3 + h**2 - 4*h + 1. Let n be i(2). Let t(w) = w**3 + 10*w**2 - 9*w + 10. Determine t(n).
-12
Let g(p) = p**2 - 10*p - 8. Let c = -1894 + 1905. What is g(c)?
3
Let b = 17 - 14. Let k(h) = b*h + h + 1 - 7 - 5*h. Determine k(-6).
0
Let v(g) be the second derivative of g**8/6720 - g**7/420 + 7*g**5/120 + 13*g**4/12 - 16*g. Let l(h) be the third derivative of v(h). Calculate l(6).
7
Let v(m) be the first derivative of 1/360*m**6 - 10/3*m**3 + 0*m**2 + 1/6*m**4 + 0*m + 1/15*m**5 + 6. Let n(g) be the third derivative of v(g). What is n(-5)?
-11
Let d(m) be the first derivative of m**4/4 + 5*m**3/3 - m**2/2 + 2*m - 309. Let j be -4 + -1 + 0/1. What is d(j)?
7
Suppose 13 = -3*x + 16*x. Let v(t) = -t**2 + 0*t**2 - 6*t - 5 + x + 2. What is v(-5)?
3
Let s be 29 - -5*(-4)/10. Suppose -26*k = -s*k + 5. Let m(f) = -f**2 + 4*f + 5. What is m(k)?
0
Let d(g) = 26*g**2 - g. Suppose -7 = -t - 3*q + 3, -4*t - 11 = -5*q. What is d(t)?
25
Let w(m) = 7*m - 132. Let j be w(18). Let p(d) = -6*d + 1. Calculate p(j).
37
Let o(q) be the second derivative of -q**5/20 - 3*q**4/4 + q**3/2 + 21*q**2/2 - q - 292. Calculate o(-9).
-6
Let r be ((-11)/(-4))/((-69)/(-276)). Let t(o) = -o**2 + 10*o + 7. What is t(r)?
-4
Let a(y) = -y**2 - y - 3. Suppose -77 = 5*q - d + 213, 2*q + 5*d + 89 = 0. Let f = q + 53. Determine a(f).
-15
Let t(o) = -o**2 + 4*o + 2. Suppose 4 - 5 = d, 4*d + 22 = 3*f. Determine t(f).
-10
Let c(t) be the third derivative of t**6/120 - 3*t**5/20 - 5*t**4/12 - t**3/6 - 16*t**2 + 2. Give c(10).
-1
Let m = 16 - 23. Let p(n) be the second derivative of n**3/6 + n**2/2 - 571*n. Determine p(m).
-6
Let a(s) = -118*s + 29*s + 18*s + 27*s + 1 + 29*s. Let p = 2 - 3. Give a(p).
16
Suppose -20 = i + 5*h, 5*h + 57 - 17 = -5*i. Let o = 15 + -9. Let